{"id":26,"date":"2012-08-24T11:41:45","date_gmt":"2012-08-24T11:41:45","guid":{"rendered":"https:\/\/entreresinas.com\/?page_id=26"},"modified":"2012-10-08T15:14:33","modified_gmt":"2012-10-08T15:14:33","slug":"la-casa","status":"publish","type":"page","link":"https:\/\/entreresinas.com\/?page_id=26","title":{"rendered":"La casa"},"content":{"rendered":"<p>\n\t\t<style type=\"text\/css\">\n\t\t\t#gallery-1 {\n\t\t\t\tmargin: auto;\n\t\t\t}\n\t\t\t#gallery-1 .gallery-item {\n\t\t\t\tfloat: left;\n\t\t\t\tmargin-top: 10px;\n\t\t\t\ttext-align: center;\n\t\t\t\twidth: 33%;\n\t\t\t}\n\t\t\t#gallery-1 img {\n\t\t\t\tborder: 2px solid #cfcfcf;\n\t\t\t}\n\t\t\t#gallery-1 .gallery-caption {\n\t\t\t\tmargin-left: 0;\n\t\t\t}\n\t\t\t\/* see gallery_shortcode() in wp-includes\/media.php *\/\n\t\t<\/style>\n\t\t<div id='gallery-1' class='gallery galleryid-26 gallery-columns-3 gallery-size-thumbnail'><dl class='gallery-item'>\n\t\t\t<dt class='gallery-icon landscape'>\n\t\t\t\t<a href='https:\/\/entreresinas.com\/wp-content\/uploads\/2012\/08\/Imagen-0091.jpg'><img loading=\"lazy\" decoding=\"async\" width=\"150\" height=\"150\" src=\"https:\/\/entreresinas.com\/wp-content\/uploads\/2012\/08\/Imagen-0091-150x150.jpg\" class=\"attachment-thumbnail size-thumbnail\" alt=\"\" srcset=\"https:\/\/entreresinas.com\/wp-content\/uploads\/2012\/08\/Imagen-0091-150x150.jpg 150w, https:\/\/entreresinas.com\/wp-content\/uploads\/2012\/08\/Imagen-0091-55x55.jpg 55w, https:\/\/entreresinas.com\/wp-content\/uploads\/2012\/08\/Imagen-0091-179x179.jpg 179w, https:\/\/entreresinas.com\/wp-content\/uploads\/2012\/08\/Imagen-0091-115x115.jpg 115w\" sizes=\"auto, (max-width: 150px) 100vw, 150px\" \/><\/a>\n\t\t\t<\/dt><\/dl><dl class='gallery-item'>\n\t\t\t<dt class='gallery-icon landscape'>\n\t\t\t\t<a href='https:\/\/entreresinas.com\/wp-content\/uploads\/2012\/08\/Imagen-0341.jpg'><img loading=\"lazy\" decoding=\"async\" width=\"150\" height=\"150\" src=\"https:\/\/entreresinas.com\/wp-content\/uploads\/2012\/08\/Imagen-0341-150x150.jpg\" class=\"attachment-thumbnail size-thumbnail\" alt=\"\" srcset=\"https:\/\/entreresinas.com\/wp-content\/uploads\/2012\/08\/Imagen-0341-150x150.jpg 150w, https:\/\/entreresinas.com\/wp-content\/uploads\/2012\/08\/Imagen-0341-55x55.jpg 55w, https:\/\/entreresinas.com\/wp-content\/uploads\/2012\/08\/Imagen-0341-179x179.jpg 179w, https:\/\/entreresinas.com\/wp-content\/uploads\/2012\/08\/Imagen-0341-115x115.jpg 115w\" sizes=\"auto, (max-width: 150px) 100vw, 150px\" \/><\/a>\n\t\t\t<\/dt><\/dl><dl class='gallery-item'>\n\t\t\t<dt class='gallery-icon landscape'>\n\t\t\t\t<a href='https:\/\/entreresinas.com\/wp-content\/uploads\/2012\/08\/Imagen-0391.jpg'><img loading=\"lazy\" decoding=\"async\" width=\"150\" height=\"150\" src=\"https:\/\/entreresinas.com\/wp-content\/uploads\/2012\/08\/Imagen-0391-150x150.jpg\" class=\"attachment-thumbnail size-thumbnail\" alt=\"\" srcset=\"https:\/\/entreresinas.com\/wp-content\/uploads\/2012\/08\/Imagen-0391-150x150.jpg 150w, https:\/\/entreresinas.com\/wp-content\/uploads\/2012\/08\/Imagen-0391-55x55.jpg 55w, https:\/\/entreresinas.com\/wp-content\/uploads\/2012\/08\/Imagen-0391-179x179.jpg 179w, https:\/\/entreresinas.com\/wp-content\/uploads\/2012\/08\/Imagen-0391-115x115.jpg 115w\" sizes=\"auto, (max-width: 150px) 100vw, 150px\" \/><\/a>\n\t\t\t<\/dt><\/dl><br style=\"clear: both\" \/><dl class='gallery-item'>\n\t\t\t<dt class='gallery-icon landscape'>\n\t\t\t\t<a href='https:\/\/entreresinas.com\/wp-content\/uploads\/2012\/08\/Imagen-0642.jpg'><img loading=\"lazy\" decoding=\"async\" width=\"150\" height=\"150\" src=\"https:\/\/entreresinas.com\/wp-content\/uploads\/2012\/08\/Imagen-0642-150x150.jpg\" class=\"attachment-thumbnail size-thumbnail\" alt=\"\" srcset=\"https:\/\/entreresinas.com\/wp-content\/uploads\/2012\/08\/Imagen-0642-150x150.jpg 150w, https:\/\/entreresinas.com\/wp-content\/uploads\/2012\/08\/Imagen-0642-55x55.jpg 55w, https:\/\/entreresinas.com\/wp-content\/uploads\/2012\/08\/Imagen-0642-179x179.jpg 179w, https:\/\/entreresinas.com\/wp-content\/uploads\/2012\/08\/Imagen-0642-115x115.jpg 115w\" sizes=\"auto, (max-width: 150px) 100vw, 150px\" \/><\/a>\n\t\t\t<\/dt><\/dl><dl class='gallery-item'>\n\t\t\t<dt class='gallery-icon landscape'>\n\t\t\t\t<a href='https:\/\/entreresinas.com\/wp-content\/uploads\/2012\/08\/Imagen-0652.jpg'><img loading=\"lazy\" decoding=\"async\" width=\"150\" height=\"150\" src=\"https:\/\/entreresinas.com\/wp-content\/uploads\/2012\/08\/Imagen-0652-150x150.jpg\" class=\"attachment-thumbnail size-thumbnail\" alt=\"\" srcset=\"https:\/\/entreresinas.com\/wp-content\/uploads\/2012\/08\/Imagen-0652-150x150.jpg 150w, https:\/\/entreresinas.com\/wp-content\/uploads\/2012\/08\/Imagen-0652-55x55.jpg 55w, https:\/\/entreresinas.com\/wp-content\/uploads\/2012\/08\/Imagen-0652-179x179.jpg 179w, https:\/\/entreresinas.com\/wp-content\/uploads\/2012\/08\/Imagen-0652-115x115.jpg 115w\" sizes=\"auto, (max-width: 150px) 100vw, 150px\" \/><\/a>\n\t\t\t<\/dt><\/dl>\n\t\t\t<br style='clear: both' \/>\n\t\t<\/div>\n<br \/>\nLa casa rural est\u00e1 ubicada en el Barrio de la Estaci\u00f3n de Las Navas del Marqu\u00e9s, \u00c1vila. Su cercan\u00eda a Madrid, su atractivo entorno natural y el hecho de estar situado en una zona de monta\u00f1a, que le confiere un clima suave en verano, lo convierten en un pueblo ideal para el veraneo, el esparcimiento de fin de semana y la pr\u00e1ctica de deportes como el senderismo o la bicicleta de monta\u00f1a.<\/p>\n<p>Hacia 1863 se inaugur\u00f3 el ferrocarril Madrid-\u00c1vila, para el que los\u00a0<a href=\"http:\/\/es.wikipedia.org\/wiki\/Duques_de_Medinaceli\">Duques de Medinaceli<\/a>\u00a0facilitaron terrenos a fin de que la l\u00ednea tuviera su Estaci\u00f3n en Las Navas, cuyas v\u00edas se prolongaron hasta la f\u00e1brica de resinas que la Duquesa mand\u00f3 instalar en sus cercan\u00edas. Desde los primeros a\u00f1os veinte, una colonia de villas con jard\u00edn, chalets y alojamientos hoteleros han venido convirtiendo el Barrio de la Estaci\u00f3n en una zona que goza de un clima suave y abrigado.<\/p>\n","protected":false},"excerpt":{"rendered":"<p>La casa rural est\u00e1 ubicada en el Barrio de la Estaci\u00f3n de Las Navas del Marqu\u00e9s, \u00c1vila. Su cercan\u00eda a Madrid, su atractivo entorno natural y el hecho de estar situado en una zona de monta\u00f1a, que le confiere un clima suave en verano, lo convierten en un pueblo ideal para el veraneo, el esparcimiento [&hellip;]<\/p>\n","protected":false},"author":1,"featured_media":0,"parent":0,"menu_order":0,"comment_status":"open","ping_status":"open","template":"","meta":{"footnotes":""},"class_list":["post-26","page","type-page","status-publish","hentry"],"_links":{"self":[{"href":"https:\/\/entreresinas.com\/index.php?rest_route=\/wp\/v2\/pages\/26","targetHints":{"allow":["GET"]}}],"collection":[{"href":"https:\/\/entreresinas.com\/index.php?rest_route=\/wp\/v2\/pages"}],"about":[{"href":"https:\/\/entreresinas.com\/index.php?rest_route=\/wp\/v2\/types\/page"}],"author":[{"embeddable":true,"href":"https:\/\/entreresinas.com\/index.php?rest_route=\/wp\/v2\/users\/1"}],"replies":[{"embeddable":true,"href":"https:\/\/entreresinas.com\/index.php?rest_route=%2Fwp%2Fv2%2Fcomments&post=26"}],"version-history":[{"count":6,"href":"https:\/\/entreresinas.com\/index.php?rest_route=\/wp\/v2\/pages\/26\/revisions"}],"predecessor-version":[{"id":85,"href":"https:\/\/entreresinas.com\/index.php?rest_route=\/wp\/v2\/pages\/26\/revisions\/85"}],"wp:attachment":[{"href":"https:\/\/entreresinas.com\/index.php?rest_route=%2Fwp%2Fv2%2Fmedia&parent=26"}],"curies":[{"name":"wp","href":"https:\/\/api.w.org\/{rel}","templated":true}]}}